2 = -10, y = -2*g + 5. Suppose -3*r - 364 = -g*z, 2*r - r + 2*z = -138. Let u = 217 + r. Is u composite?
False
Suppose 0 = 3*b + 37 - 292. Let x = 161 - b. Suppose -2*c = -4*n - 78, x = 3*c + n - 20. Is c prime?
False
Is ((-30)/12)/((2/(-164))/1) a composite number?
True
Let d(i) = -i**3 + i**2 + 5*i - 7. Suppose 2*c - 4*m + 24 = 0, -3*m + 6*m = 3*c + 27. Is d(c) a composite number?
True
Is (31/(-2))/(4/(-8)) a composite number?
False
Suppose 2*v - 5214 = -2*x, -2*v - x + 5204 = -4*x. Is v prime?
False
Let g(f) = -2*f. Let v be g(-3). Let p(m) = -m**3 + 7*m**2 - 6*m + 3. Let u be p(v). Suppose u*t = -t + 556. Is t a composite number?
False
Let b(w) be the second derivative of w**7/840 - w**6/360 + w**5/120 + 7*w**4/8 - w**3/6 + w. Let j(d) be the second derivative of b(d). Is j(0) composite?
True
Let b = -38 - -409. Is b a prime number?
False
Let u = -114 + 18. Let q = u - -199. Is q a composite number?
False
Suppose -841 = -3*t + 2810. Is t prime?
True
Let y(a) = a**3 - 5*a**2 + 3*a - 8. Is y(7) a composite number?
True
Suppose 505 = -3*x + 4*x + 2*n, -2011 = -4*x - 5*n. Is x composite?
False
Is (-2)/(4/6) + 334 a composite number?
False
Suppose 0 = 3*v + 2*v - 340. Suppose -o - v = -3*o. Is o a composite number?
True
Let l(o) = 42*o**2 + 2*o - 1. Let q be (-7)/4 + 3/(-12). Is l(q) a prime number?
True
Let x = 114 + 683. Is x a composite number?
False
Let r = -1 - -6. Is 190 + (-2)/(3 - r) prime?
True
Let o(z) = -4 + 1 - 2*z + 3*z + 2*z + 46*z**3. Is o(2) prime?
False
Let w = 1 - -5. Let p be ((-34)/w - -1)*3. Let y = 35 + p. Is y a prime number?
False
Suppose 5*u = 79 + 51. Suppose u + 89 = 5*o. Is o a composite number?
False
Let c = 8 + -4. Suppose 0 = -2*i + h + 706, c*h + 1049 = -i + 4*i. Is i composite?
True
Let o(z) be the first derivative of -2*z**3/3 + 2*z**2 - 3. Let l be o(5). Let y = 49 + l. Is y composite?
False
Let k(p) = p**3 - 9*p**2 + 8*p + 3. Let z be k(9). Suppose 4*g - z = 3*q - 8*q, 5*q + g = 75. Is q prime?
False
Let x(t) = 4*t**2 - 11*t + 13. Is x(6) prime?
False
Suppose -6*f + 1953 = 375. Is f a composite number?
False
Let v(a) be the third derivative of -a**5/60 - 3*a**4/8 + 3*a**3/2 + 8*a**2. Is v(-7) a prime number?
True
Suppose 0 = 9*w - 7*w - 6. Suppose l + 5*i = 111, -w*l + i + 529 = 2*l. Let j = 189 - l. Is j a composite number?
False
Is (-3)/((3/(-94))/1) a prime number?
False
Let j(r) = -r**3 + 8*r**2 - r + 10. Let n be (-2)/(-4)*0 + 8. Let z be j(n). Suppose -z*h + 356 = 2*h. Is h a composite number?
False
Suppose 5*v + 96 + 39 = 0. Let u be 12/(-9)*1*-30. Let q = u + v. Is q prime?
True
Suppose 2*m = -0*m. Suppose -4*a + 4*l + 28 = m, 0 = -3*a + 4*l + 10 + 7. Suppose -4*t = -4, u = -3*t + a + 27. Is u prime?
False
Suppose -4*b - b = -20. Suppose 3*u - b = 4*u. Is ((-8)/10)/(u/30) composite?
True
Suppose -3*r - x = -5075, 909 = 2*r - 2*x - 2485. Is r a prime number?
True
Is (2/((-24)/(-28)))/(5/2265) a composite number?
True
Let p be (2 + -3)*(2 - 63). Suppose -751 + p = -3*g. Suppose -g = -9*b + 4*b. Is b a prime number?
False
Suppose 0 = -c + 2*v - 12, 5*c - v + 3 = -12. Let n be 66/14 + (-2)/(-7). Is (275/c)/n*-2 a prime number?
False
Is (-1)/(-3*5/6465) prime?
True
Suppose 3*s + 23 = -m + 3*m, -2*s = -m + 14. Suppose m*f + 350 = 1114. Is f composite?
False
Suppose 2*f = 4, -5*f = 6*y - 2*y + 250. Let v = -46 - y. Is v a prime number?
True
Let q = -2 + 7. Suppose -4*r + 5*a = -331, -2*r + 169 = -4*a + q*a. Suppose -3*g + r = -9. Is g prime?
True
Suppose 7*a = 10*a - 144. Let i = a - 11. Is i composite?
False
Suppose 21 + 103 = 4*l. Is l composite?
False
Let t(u) = -7*u**2 + 2*u - 6. Let d(y) = -7*y**2 + y - 5. Let n(c) = -4*d(c) + 3*t(c). Is n(-2) a composite number?
True
Let o = 809 + -472. Is o composite?
False
Let t(i) = 3*i**2 + 14*i - 7. Is t(-11) a prime number?
False
Suppose 0*y + 3*y = 2*q + 2, 2*y - 5*q = -17. Suppose -3*i - 3*l - 2*l + 578 = 0, l + 809 = y*i. Is i composite?
True
Let o = 44 - -177. Is o prime?
False
Let x(b) = -3*b + 1. Let w be x(5). Let i = w + 33. Is i a prime number?
True
Suppose 3*y + g + 3 = -1, 2*y = 5*g - 14. Let q = 0 + y. Let t(m) = -18*m - 2. Is t(q) composite?
True
Suppose -y + 2 = f - 0*y, -3*f - 5*y = -6. Suppose -5*k + 0 = 5*z + 5, k = 5*z + 23. Suppose -k*n = f*a - 0 - 13, 32 = 4*n - a. Is n a composite number?
False
Suppose 15 = -5*k + 5. Is -3*k/(-2) - -62 a composite number?
False
Suppose 0 = 2*c - 0*c. Suppose -3*a - u + 536 = c, 2*a - u - 344 = u. Is a prime?
False
Let b = 149 + -90. Let r = b - 34. Is r a composite number?
True
Suppose 0 = -13*n + 12*n + 163. Is n a composite number?
False
Let p = -828 - -1490. Is p a composite number?
True
Suppose -4*p = -9*p + 3545. Is p prime?
True
Let d(x) = 431*x - 23. Is d(6) a composite number?
True
Let p(h) = -7*h**2 + h + 1. Let y(o) = -36*o**2 + 4*o + 4. Let r(f) = -11*p(f) + 2*y(f). Is r(-4) a composite number?
False
Let n(c) = c**3 + 8*c**2 + 6*c - 3. Let x be n(-6). Suppose -2*y = -5*y - x. Let d = 15 - y. Is d prime?
False
Let x = 2 - 0. Suppose 0 = -x*u + 116 + 380. Suppose t + u = 5*t. Is t composite?
True
Let t(s) = s**3 + 3*s**2 - 7*s - 5. Let o(u) = -9*u + 5 + 0 - u**2 + u. Let i be o(-9). Is t(i) prime?
True
Let o = 1286 + -727. Is o prime?
False
Let f(n) = -17*n**2 + 2*n - 2. Let v be f(2). Let p = -13 - v. Is p a prime number?
True
Let g = -7 - 8. Let u be (-6)/g - 12/5. Let l = u - -13. Is l a composite number?
False
Suppose -w - 47 = -y, 0 = 4*y - 6*w + w - 183. Let m = y + -7. Let h = m + 50. Is h prime?
False
Let b be 9/1*2/(-3). Let h be 1/2 - 141/b. Suppose l + 4*o = 6, 4*l + 5*o = o + h. Is l a prime number?
False
Let g(j) = -9*j**3 - 3*j**2 + 3*j + 4. Let c = -10 + 7. Is g(c) composite?
False
Suppose 3*a + 5*v + 1 = 0, -1 = -4*a - 2*v - 7. Suppose 3*f = 2*s + 1, -f - 8 = 3*f - 5*s. Is (-3)/f*(a + 0) prime?
True
Is (-1)/3 - (-319)/3 prime?
False
Let j(m) = -m**2 + 11*m - 1. Let c be j(10). Let i = c - 3. Is i a composite number?
True
Is ((-257)/(-5 + 4))/1 prime?
True
Suppose 6*v = 5*v + 263. Is v composite?
False
Suppose 3*p = -g - 18 - 2, -p - 15 = 2*g. Let m be (27/(-2))/3*-2. Let h = m + g. Is h a prime number?
False
Is 5*3/15*62 prime?
False
Let g(c) = c**2 + 7*c - 1. Let r be g(-7). Let m = r - -3. Is -1 + (78 - (-4 + m)) prime?
True
Let u be (0/(-2 - -1))/(-2). Suppose 0*b + 67 = g - 2*b, u = -b + 5. Is g a composite number?
True
Suppose -3*f + 5*x = -21, -5*f - 1 + 2 = 3*x. Suppose p + f*y = -0*y + 43, y + 157 = 3*p. Is p a composite number?
True
Let t(q) = q + 1. Let g be t(3). Is (-213)/(-9) - g/6 a prime number?
True
Let q be ((-824)/10)/((-14)/35). Let t = -399 - -284. Let v = q + t. Is v a composite number?
True
Let h = -5 - 3. Let b be h/((-9)/(-6) + -2). Let r = b - -9. Is r a prime number?
False
Is 5677*2/(-6)*(-7 + 4) a composite number?
True
Suppose -5*l - 18 = v, -5*v + 14 = -0*v - l. Suppose 4*n - v*n = -18. Is (-1)/(6/22)*n composite?
True
Let a(c) = -7*c + 4. Let v(p) = -6*p + 3. Let h(d) = 5*a(d) - 6*v(d). Suppose 4*o - 4 = 3*l, 4*l = 2*l + 8. Is h(o) a composite number?
True
Suppose -5*t - k + 257 = -3*k, 4*k + 143 = 3*t. Is t a prime number?
True
Let y(g) = g - 3. Let b be y(5). Let c = b + 0. Suppose -p - 3*o - 2 = -25, 86 = c*p - 4*o. Is p a composite number?
True
Let y = 6 + -4. Suppose i - 427 = -3*x, -x + 0*x = -y*i - 133. Let c = x + -88. Is c a composite number?
False
Let j(g) = 2*g**2 - 11*g + 9. Is j(-10) a prime number?
False
Is (-7)/(-6)*3*82 composite?
True
Suppose -5*b = 3*b - 19928. Is b a composite number?
True
Suppose v + 502 = 3*v. Is v a composite number?
False
Let a(s) = 8*s**2 + 3*s + 1. Is a(4) prime?
False
Let a(u) = -u**3 + 5*u**2 - 3*u - 3. Let w be a(4). Let x be 2 - (-12)/w*-1. Is x/(86/(-82) + 1) composite?
True
Let x(q) = -2*q**3 + 12*q**2 + 3. Is x(5) a composite number?
False
Let q = -124 + 521. Is q composite?
False
Is (3 - -187) + -1 + 5 prime?
False
Let i = -73 + 284. Suppose 0 = 4*b - 5*b + i. Is b a prime number?
True
Suppose 49 = 4*w - 79. Suppose 150 - w = 2*v. Is v composite?
False
Let g(v) = v + 9. Let o = 12 + -17. Let t be g(o). Suppose -3*w - 22 = -t*w. Is w prime?
False
Suppose z - 10 = -3*d, 2*z + d + 2 = 3*z. Suppose 0*g = -z*g + 508. Is g a prime number?
True
Is 2*2*(-37)/(-4) composite?
False
Let o = 3812 - 1875. Is o a p